 1234688777?
7, 176384111
List the prime factors of 223988592.
2, 3, 1907, 2447
List the prime factors of 80932926.
2, 3, 149, 90529
List the prime factors of 7558345.
5, 1511669
List the prime factors of 62594964.
2, 3, 579583
What are the prime factors of 311652724?
2, 89, 875429
What are the prime factors of 5793015467?
5793015467
What are the prime factors of 106644105?
3, 5, 997, 2377
What are the prime factors of 2038592155?
5, 19157, 21283
What are the prime factors of 20434740?
2, 3, 5, 340579
What are the prime factors of 26511758?
2, 7, 13, 31, 37, 127
List the prime factors of 160349501.
13, 12334577
What are the prime factors of 6120119738?
2, 43, 1654981
What are the prime factors of 301032946?
2, 150516473
What are the prime factors of 1348277298?
2, 3, 43, 463, 11287
List the prime factors of 140458804.
2, 3001, 11701
List the prime factors of 86885157.
3, 19, 31, 49171
List the prime factors of 32911422.
2, 3, 17, 229, 1409
What are the prime factors of 1214750?
2, 5, 43, 113
What are the prime factors of 716324989?
716324989
List the prime factors of 209090553.
3, 7, 43, 231551
What are the prime factors of 12696212?
2, 17, 186709
What are the prime factors of 61573072?
2, 11, 19, 18413
What are the prime factors of 2204683994?
2, 29, 38011793
List the prime factors of 779942097.
3, 11, 269, 29287
What are the prime factors of 125241226?
2, 11, 37, 53, 2903
What are the prime factors of 593743608?
2, 3, 887, 1033
What are the prime factors of 16015839?
3, 7, 762659
What are the prime factors of 246827980?
2, 5, 7, 1763057
What are the prime factors of 397072?
2, 13, 23, 83
What are the prime factors of 386577693?
3, 439, 97843
List the prime factors of 114040290.
2, 3, 5, 7, 13, 37, 1129
What are the prime factors of 42016327?
307, 136861
What are the prime factors of 185193132?
2, 3, 31, 497831
List the prime factors of 1917307132.
2, 13, 36871291
List the prime factors of 15781517.
1031, 15307
What are the prime factors of 3132531684?
2, 3, 29004923
What are the prime factors of 408601562?
2, 17, 223, 53891
What are the prime factors of 23236041?
3, 829, 9343
What are the prime factors of 642786525?
3, 5, 353, 8093
List the prime factors of 1109513141.
11, 100864831
What are the prime factors of 1050232699?
5651, 185849
What are the prime factors of 4254574827?
3, 199, 7126591
List the prime factors of 393227822.
2, 13, 15124147
List the prime factors of 933782904.
2, 3, 480341
List the prime factors of 141065841.
3, 7, 31, 337, 643
What are the prime factors of 64355922?
2, 3, 191, 18719
List the prime factors of 35063145.
3, 5, 13, 19979
List the prime factors of 18714054.
2, 3, 3119009
List the prime factors of 7541399475.
3, 5, 499, 67169
List the prime factors of 2330159588.
2, 582539897
List the prime factors of 10568116.
2, 13, 203233
What are the prime factors of 612249081?
3, 1823, 111949
List the prime factors of 84908878.
2, 113, 375703
What are the prime factors of 942119326?
2, 31, 1879, 8087
What are the prime factors of 88009739?
41, 397, 5407
List the prime factors of 179543677.
2683, 66919
What are the prime factors of 74074043?
74074043
What are the prime factors of 4235518301?
7, 7691, 11239
What are the prime factors of 1866476445?
3, 5, 157, 792559
What are the prime factors of 3178523419?
2153, 1476323
What are the prime factors of 15988684?
2, 31, 128941
What are the prime factors of 142273806?
2, 3, 37, 640873
List the prime factors of 706520827.
706520827
What are the prime factors of 43031111?
37, 1163003
What are the prime factors of 4042405493?
7, 577486499
List the prime factors of 2890519159.
11, 67, 3922007
List the prime factors of 185930476.
2, 37, 59, 107, 199
What are the prime factors of 364325330?
2, 5, 31, 1175243
What are the prime factors of 247659890?
2, 5, 24765989
List the prime factors of 883117927.
4651, 189877
What are the prime factors of 416225?
5, 16649
List the prime factors of 1507791682.
2, 753895841
What are the prime factors of 1568290313?
47, 33367879
What are the prime factors of 566081818?
2, 47, 6022147
What are the prime factors of 2433271862?
2, 7, 1451, 119783
List the prime factors of 2922175420.
2, 5, 146108771
List the prime factors of 27379949.
43, 607, 1049
List the prime factors of 38086648.
2, 43, 53, 2089
What are the prime factors of 127042498?
2, 11, 524969
What are the prime factors of 154401062?
2, 1483, 52057
What are the prime factors of 366218287?
53, 251, 27529
What are the prime factors of 26398702?
2, 11, 373, 3217
List the prime factors of 62219172.
2, 3, 5184931
List the prime factors of 238394494.
2, 13, 23, 43, 73, 127
What are the prime factors of 234257819?
234257819
List the prime factors of 10178805.
3, 5, 7, 13, 7457
List the prime factors of 3988867690.
2, 5, 23, 659, 26317
What are the prime factors of 416813850?
2, 3, 5, 97, 1061
What are the prime factors of 207317535?
3, 5, 13821169
What are the prime factors of 1584228307?
1584228307
List the prime factors of 231282589.
887, 260747
What are the prime factors of 124673260?
2, 5, 103, 60521
What are the prime factors of 2253731?
31, 72701
List the prime factors of 394588080.
2, 3, 5, 548039
What are the prime factors of 1154172801?
3, 1733, 221999
List the prime factors of 804537155.
5, 17, 131, 72253
List the prime factors of 270398248.
2, 33799781
List the prime factors of 3620662454.
2, 37, 48927871
List the prime factors of 556936287.
3, 185645429
List the prime factors of 309366976.
2, 41, 117899
List the prime factors of 121182894.
2, 3, 7, 961769
List the prime factors of 324414927.
3, 17, 37, 3371
What are the prime factors of 28249951?
3313, 8527
What are the prime factors of 190599999?
3, 977, 65029
List the prime factors of 4391788419.
3, 269, 1814039
What are the prime factors of 3282504291?
3, 11, 11052203
What are the prime factors of 1132558755?
3, 5, 23, 3282779
List the prime factors of 133504616.
2, 7, 340573
What are the prime factors of 3288062?
2, 1644031
List the prime factors of 1609454296.
2, 29, 6937303
List the prime factors of 935097.
3, 353, 883
What are the prime factors of 264512061?
3, 11, 17, 5821
What are the prime factors of 463965755?
5, 11, 37, 227993
What are the prime factors of 454001549?
89, 5101141
What are the prime factors of 823490?
2, 5, 82349
List the prime factors of 532744683.
3, 5303, 33487
List the prime factors of 11074900.
2, 5, 110749
What are the prime factors of 730994870?
2, 5, 2423, 30169
What are the prime factors of 165535460?
2, 5, 17, 486869
What are the prime factors of 35119282?
2, 11, 145121
List the prime factors of 37556462.
2, 2113, 8887
What are the prime factors of 7321579953?
3, 4799, 508549
What are the prime factors of 2733081226?
2, 137, 241, 41389
List the prime factors of 184632788.
2, 46158197
What are the prime factors of 450604071?
3, 79, 107, 5923
What are the prime factors of 327752091?
3, 1879, 19381
List the prime factors of 1278206671.
7, 53, 3445301
What are the prime factors of 3250711949?
3250711949
List the prime factors of 10614008.
2, 19, 69829
List the prime factors of 1203048089.
1181, 1018669
List the prime factors of 114804903.
3, 38268301
What are the prime factors of 295625114?
2, 31, 71, 67157
List the prime factors of 111195217.
7, 601, 26431
What are the prime factors of 157666929?
3, 7, 383, 19603
List the prime factors of 2980157.
2980157
List the prime factors of 238552501.
11, 21686591
What are the prime factors of 859199091?
3, 17, 61, 276181
List the prime factors of 472441254.
2, 3, 17, 67, 73, 947
List the prime factors of 203860514.
2, 11, 13, 163, 4373
List the prime factors of 739034989.
7, 11, 439, 21863
What are the prime factors of 3470644460?
2, 5, 349, 487, 1021
List the prime factors of 665227652.
2, 89, 1868617
List the prime factors of 33830594.
2, 7, 43, 56197
What are the prime factors of 589463090?
2, 5, 23, 373, 6871
What are the prime factors of 410120047?
79, 5191393
List the prime factors of 76395308.
2, 11, 1736257
List the prime factors of 89493528.
2, 3, 31, 37, 3251
What are the prime factors of 744631343?
311, 2394313
List the prime factors of 60335982.
2, 3, 7, 19, 31, 271
What are the prime factors of 965777883?
3, 7, 599, 76777
What are the prime fac